763 prime?
False
Is 197539 a prime number?
True
Is 16603 a composite number?
False
Is 597187 prime?
False
Is 3155 a prime number?
False
Is 856277 a composite number?
False
Is 52251 a prime number?
False
Is 3662 prime?
False
Is 81919 a prime number?
True
Is 20443 a composite number?
False
Is 1409 a prime number?
True
Is 123031 a composite number?
False
Is 17533 a composite number?
True
Is 89945 composite?
True
Is 538511 composite?
False
Is 26449 a prime number?
True
Is 108071 composite?
True
Is 16637 prime?
False
Is 3639 a composite number?
True
Is 4981 prime?
False
Is 2033 a composite number?
True
Is 40277 a prime number?
True
Is 15661 prime?
True
Is 11657 composite?
False
Is 10601 composite?
False
Is 173483 composite?
False
Is 190771 prime?
False
Is 103837 composite?
False
Is 17162 a prime number?
False
Is 133117 prime?
True
Is 274747 a composite number?
True
Is 339289 prime?
True
Is 12323 a prime number?
True
Is 416617 a composite number?
True
Is 707669 prime?
True
Is 87127 composite?
True
Is 87485 composite?
True
Is 73333 a prime number?
False
Is 5731 prime?
False
Is 778229 a prime number?
False
Is 371 prime?
False
Is 11519 composite?
False
Is 188393 a prime number?
False
Is 2133673 prime?
True
Is 24143 composite?
True
Is 3270199 a composite number?
False
Is 2537 a prime number?
False
Is 27957 prime?
False
Is 90635 composite?
True
Is 113179 a composite number?
True
Is 19001 a composite number?
False
Is 2176243 prime?
True
Is 25349 a prime number?
True
Is 110089 prime?
False
Is 8353 prime?
True
Is 17197 a composite number?
True
Is 771 composite?
True
Is 511559 composite?
False
Is 296663 a composite number?
False
Is 74427 a composite number?
True
Is 30947 a prime number?
False
Is 52433 prime?
True
Is 933 a prime number?
False
Is 69205 prime?
False
Is 2468341 a composite number?
False
Is 272611 a prime number?
False
Is 628781 composite?
False
Is 1364351 a composite number?
False
Is 235699 a composite number?
False
Is 19407 composite?
True
Is 850495 composite?
True
Is 53813 a composite number?
False
Is 636917 composite?
False
Is 4493 composite?
False
Is 236779 prime?
True
Is 387911 composite?
False
Is 30211 composite?
False
Is 14591 composite?
False
Is 1441 a composite number?
True
Is 1657 prime?
True
Is 129547 a prime number?
False
Is 1663762 prime?
False
Is 3295 a composite number?
True
Is 1343 a composite number?
True
Is 361055 a composite number?
True
Is 51601 prime?
False
Is 20337 prime?
False
Is 7401 composite?
True
Is 1901 composite?
False
Is 116239 a composite number?
False
Is 44039 a composite number?
True
Is 2231 prime?
False
Is 5923 composite?
False
Is 9017 a prime number?
False
Is 12055 a composite number?
True
Is 3506 prime?
False
Is 461081 composite?
True
Is 601745 a composite number?
True
Is 61307 prime?
False
Is 10909 a prime number?
True
Is 3791 a prime number?
False
Is 28039 composite?
True
Is 84079 prime?
False
Is 191413 prime?
True
Is 7629 a composite number?
True
Is 102269 prime?
False
Is 5729 a composite number?
True
Is 4606471 composite?
True
Is 776317 a composite number?
False
Is 365363 composite?
True
Is 12707 prime?
False
Is 28151 a composite number?
False
Is 29009 a prime number?
True
Is 3196873 prime?
False
Is 60859 a prime number?
True
Is 45613 a composite number?
False
Is 69767 a composite number?
False
Is 121214 a prime number?
False
Is 2195 a prime number?
False
Is 6937 prime?
False
Is 11484047 composite?
False
Is 246467 composite?
True
Is 130519 prime?
False
Is 352661 prime?
True
Is 636373 prime?
False
Is 179897 a prime number?
True
Is 2582009 a prime number?
True
Is 90697 a composite number?
False
Is 19639 composite?
True
Is 28123 a composite number?
False
Is 2559 composite?
True
Is 159869 a composite number?
False
Is 2497891 composite?
True
Is 189667 prime?
False
Is 1943 a prime number?
False
Is 138423 a composite number?
True
Is 127 a prime number?
True
Is 89261 composite?
False
Is 486781 a prime number?
True
Is 719 composite?
False
Is 27211 a prime number?
True
Is 1762843 prime?
True
Is 112855 composite?
True
Is 63149 a composite number?
False
Is 8482 a composite number?
True
Is 142237 a prime number?
True
Is 390142 a composite number?
True
Is 573409 composite?
False
Is 274373 prime?
False
Is 355891 a composite number?
False
Is 29269 prime?
True
Is 32297 prime?
True
Is 235031 a prime number?
False
Is 13523 composite?
False
Is 3203 composite?
False
Is 8611 a prime number?
False
Is 18809 composite?
True
Is 3217 prime?
True
Is 2281 composite?
False
Is 68041 composite?
False
Is 537083 composite?
True
Is 227917 composite?
True
Is 722053 prime?
False
Is 10903 a composite number?
False
Is 1717 a prime number?
False
Is 98081 composite?
False
Is 48359 composite?
True
Is 174371 composite?
True
Is 56894 composite?
True
Is 9233 a composite number?
True
Is 23257 composite?
True
Is 2423 composite?
False
Is 2719 composite?
False
Is 3071 prime?
False
Is 140053 prime?
True
Is 2192698 prime?
False
Is 1618 prime?
False
Is 175211 a prime number?
True
Is 767029 composite?
False
Is 160309 a prime number?
True
Is 102633 a prime number?
False
Is 1418303 a composite number?
True
Is 3508063 a composite number?
True
Is 27611 a prime number?
True
Is 13891 a composite number?
True
Is 1122637 a prime number?
False
Is 1717 a composite number?
True
Is 919 prime?
True
Is 150367 a prime number?
False
Is 3739 a composite number?
False
Is 2237 prime?
True
Is 792445 prime?
False
Is 5857 a composite number?
False
Is 184463 a prime number?
True
Is 869507 a composite number?
True
Is 575117 a prime number?
False
Is 287921 a composite number?
False
Is 24433 a composite number?
True
Is 140291 composite?
True
Is 157037 a composite number?
False
Is 454299 a composite number?
True
Is 5251 composite?
True
Is 11657 composite?
False
Is 6121 a prime number?
True
Is 162397 prime?
False
Is 4559 a composite number?
True
Is 33107 prime?
True
Is 142657 composite?
False
Is 18227 composite?
True
Is 255593 a prime number?
False
Is 97769 a composite number?
True
Is 176237 a prime number?
True
Is 367097 composite?
False
Is 593857 prime?
False
Is 2195917 a prime number?
True
Is 81071 composite?
False
Is 2437 composite?
False
Is 372731 composite?
True
Is 1380701 a prime number?
False
Is 6718157 prime?
False
Is 1145497 a composite number?
False
Is 2729 prime?
True
Is 2427341 composite?
True
Is 168907 composite?
True
Is 10878781 a composite number?
False
Is 388261 prime?
False
Is 287087 composite?
False
Is 43391 a composite number?
False
Is 15819 composite?
True
Is 61001 prime?
True
Is 8653 prime?
False
Is 28387 a composite number?
False
Is 9862 a composite number?
True
Is 18583 composite?
False
Is 86509 prime?
True
Is 2903 prime?
True
Is 17569 composite?
False
Is 462067 composite?
False
Is 101831 a composite number?
True
Is 35381 a composite number?
False
Is 203465 composite?
True
Is 732601 composite?
False
Is 6107 a composite number?
True
Is 5127 a prime number?
False
Is 10589 a composite number?
False
Is 403037 composite?
False
Is 156473 a composite number?
True
Is 10223 a composite number?
False
Is 927629 a composite number?
False
Is 41387 prime?
True
Is 3047 prime?
False
Is 5981 a prime number?
True
Is 4583 a prime number?
True
Is 15278 a composite number?
True
Is 530051 a prime number?
True
Is 360497 prime?
True
Is 20863 composite?
True
Is 19937 a composite number?
False
Is 74567 composite?
False
Is 4542211 prime?
True
Is 65761 a prime number?
True
Is 17531 a composite number?
True
Is 416719 prime?
True
Is 41758 prime?
False
Is 134129 prime?
True
Is 11783 a prime number?
True
Is 95177 a prime number?
True
Is 11783 composite?
False
Is 223274 composite?
True
Is 91621 prime?
True
Is 496259 composite?
False
Is 27509 a prime number?
True
Is 2976599 a prime number?
False
Is 2166223 a composite number?
True
Is 300857 composite?
False
Is 13517 a composite number?
True
Is 45478 a composite number?
True
Is 22327 a composite number?
True
Is 343399 a prime number?
False
Is 24197 composite?
False
Is 35023 a composite number?
False
Is 1898383 a prime number?
True
Is 141539 a composite number?
False
Is 7609 prime?
False
Is 152765 prime?
False
Is 9869 a prime number?
False
Is 16301 prime?
True
Is 157513 a prime number?
True
Is 572207 prime?
True
Is 1516391 a prime number?
Tru